In base 14, what is 6266 - -3aa9?
9d31
In base 9, what is -13 - 25365036?
-25365050
In base 2, what is 1000100 - 10111111000011010?
-10111110111010110
In base 9, what is -484447 + -170?
-484627
In base 14, what is 1 - -199220?
199221
In base 5, what is -44022030 - 1?
-44022031
In base 7, what is -4 + -11334406?
-11334413
In base 13, what is -75375 - -1c0?
-75185
In base 9, what is -37784225 - -8?
-37784216
In base 2, what is -1001110 + 100001001011111001100111?
100001001011111000011001
In base 7, what is -42460533 + -2?
-42460535
In base 16, what is 39354 + -1c7?
3918d
In base 14, what is c81cb - -71?
c825c
In base 10, what is -8242 + 5945?
-2297
In base 5, what is -44302202 - -20?
-44302132
In base 11, what is -6 - 536524?
-53652a
In base 13, what is 3984 + ac76?
1192a
In base 14, what is ddb6c - c?
ddb60
In base 5, what is -420420114 + -3?
-420420122
In base 9, what is -684 - 334273?
-335067
In base 14, what is 168753 + -a?
168747
In base 7, what is -2 - 2210041355?
-2210041360
In base 14, what is -6 - 8d9420?
-8d9426
In base 2, what is -10100110110001000111010 + -11000?
-10100110110001001010010
In base 16, what is 375f + -1b48?
1c17
In base 3, what is 20010101111 - -122200?
20011001011
In base 9, what is 1 + 366204553?
366204554
In base 7, what is -1033341166 - 1?
-1033341200
In base 10, what is -3 + -19420037?
-19420040
In base 14, what is -3d57 - 19463?
-1d3ba
In base 13, what is 984a31 + 5?
984a36
In base 11, what is 52a - 223?
307
In base 15, what is -d + -7e1a03?
-7e1a11
In base 6, what is -12 + -1235332?
-1235344
In base 5, what is 33023 - 31130?
1343
In base 2, what is -1 - 100100101111111001111101?
-100100101111111001111110
In base 9, what is -46886 - 1153?
-48150
In base 3, what is 100210222 + 212100?
101200022
In base 3, what is 20120112021 - -12201?
20120201222
In base 5, what is -4311441 - -2441?
-4304000
In base 10, what is 995 + -1222?
-227
In base 12, what is 5 - 505a4635?
-505a4630
In base 5, what is 401 - 304441123?
-304440222
In base 3, what is 11110122 + 102101?
11220000
In base 13, what is -192 - -37b6b7?
37b525
In base 6, what is -15114121 - -50?
-15114031
In base 16, what is 3 + 260651?
260654
In base 6, what is 1405 - 424201?
-422352
In base 12, what is 2683 + -392?
22b1
In base 6, what is -4135445 + -31151?
-4211040
In base 10, what is -526 - -67982?
67456
In base 9, what is 44078676 + 1?
44078677
In base 5, what is 20 - 3332411300?
-3332411230
In base 6, what is -45450 + 50032?
142
In base 13, what is -7928818 + 4?
-7928814
In base 15, what is -10e2b + -11b?
-11047
In base 3, what is 220 + 10121101202002?
10121101202222
In base 15, what is 3 + -248510?
-24850c
In base 10, what is 10 - 1389068?
-1389058
In base 10, what is -1919 + -22842?
-24761
In base 10, what is -516353328 - 1?
-516353329
In base 15, what is 54a + e33?
147d
In base 5, what is -241222 + -1041?
-242313
In base 2, what is -110111011101011000001 - -111?
-110111011101010111010
In base 13, what is a597 + 12cc?
b896
In base 3, what is -20020211010012 - 1?
-20020211010020
In base 13, what is -57 - 998780?
-998807
In base 11, what is 0 + -6aaa72?
-6aaa72
In base 8, what is -5 + -4514272?
-4514277
In base 12, what is 28a61823 - -2?
28a61825
In base 5, what is -1 - 3401343344?
-3401343400
In base 8, what is -2 - -2507167?
2507165
In base 5, what is -4430 + 111412?
101432
In base 2, what is 1010110011111001000000000 - 100?
1010110011111000111111100
In base 14, what is 4 - -c24743?
c24747
In base 7, what is -155235 - -2434?
-152501
In base 9, what is 85607051 - 1?
85607050
In base 5, what is 110 + -140113221?
-140113111
In base 4, what is 2313332301 + 110?
2313333011
In base 2, what is -10111011001110110 - 10100111001?
-10111101110101111
In base 9, what is -31232 + 44341?
13108
In base 4, what is -3122311 + -121112?
-3310023
In base 16, what is 2 - 6d19b6?
-6d19b4
In base 2, what is -110110001110010101111101 - 101?
-110110001110010110000010
In base 14, what is -6 + b679a3a?
b679a34
In base 10, what is 168 + 1391745?
1391913
In base 14, what is -4b5a - a8?
-4c24
In base 10, what is 66387 - -3906?
70293
In base 6, what is 33015 + -12300?
20315
In base 6, what is 13133 + 1001153?
1014330
In base 3, what is -11100 + -1020110101?
-1020121201
In base 3, what is 101 - -111001202000011?
111001202000112
In base 4, what is -1102223 + -2002032?
-3110321
In base 7, what is -4053040011 - 1?
-4053040012
In base 15, what is -1721 - 3de6?
-5617
In base 15, what is -3347 + 49e?
-2d98
In base 5, what is 3214 + -1024013?
-1020244
In base 12, what is 2 + -20818859?
-20818857
In base 9, what is -363775 + 132?
-363643
In base 8, what is -4 + -36775041?
-36775045
In base 13, what is 150 + 18337?
18487
In base 9, what is 10 - -727247?
727257
In base 15, what is -7b - -b9502?
b9476
In base 13, what is -3 + -15406885?
-15406888
In base 5, what is 24012430 - -30212?
24043142
In base 3, what is -10010212000120101 + 1?
-10010212000120100
In base 5, what is -122 + 111303232?
111303110
In base 7, what is -6012624 + -556?
-6013513
In base 9, what is -6120 - -48756?
42636
In base 6, what is 235 + -241020?
-240341
In base 7, what is 2364 - -55410?
61104
In base 15, what is -2535 + 487?
-209d
In base 14, what is 2 - 114d52c2?
-114d52c0
In base 15, what is 5b - 1cbb83?
-1cbb27
In base 14, what is 91d7 - -b1?
92a8
In base 7, what is -5540 - -1104232?
1065362
In base 8, what is 212 + -274751?
-274537
In base 12, what is 205 + 2a3645?
2a384a
In base 3, what is 111210002001 - 1200220?
111201101011
In base 3, what is 11 + 12102222210110100?
12102222210110111
In base 7, what is 10125 + 43056?
53214
In base 8, what is 44 - -1756302?
1756346
In base 10, what is 4011240 + 1?
4011241
In base 11, what is -62579 - 509a?
-67668
In base 8, what is 343021653 - -4?
343021657
In base 6, what is -502 + 442?
-20
In base 14, what is -8b92b - 142?
-8ba6d
In base 12, what is 575470b + 8?
5754717
In base 6, what is -451 + -535414?
-540305
In base 7, what is 4 - -1114603050?
1114603054
In base 12, what is 18503450 + b?
1850345b
In base 7, what is 4 + 1552236060?
1552236064
In base 5, what is -2 - 112400414131?
-112400414133
In base 4, what is -13101 + -12010230031?
-12010303132
In base 11, what is 3 - 150932?
-15092a
In base 8, what is 5374 - 5620?
-224
In base 4, what is 300230 - 302321330?
-302021100
In base 4, what is -201200031 + 203?
-201133222
In base 11, what is -30 - 5994662?
-5994692
In base 10, what is -1 + 1641056?
1641055
In base 8, what is -5624761 + 106?
-5624653
In base 3, what is 11 + 1022222210000211?
1022222210000222
In base 16, what is 5 - 4701037?
-4701032
In base 15, what is -9c3d - -771e?
-251e
In base 12, what is 316667 - -1a?
316685
In base 16, what is 17111 + 4f?
17160
In base 2, what is 1 - -111000100011110111010000?
111000100011110111010001
In base 14, what is 2b8202b - -b?
2b82038
In base 6, what is 1533053 - 4240?
1524413
In base 8, what is -2307506 + 632?
-2306654
In base 14, what is -a31a1a + -3d?
-a31a59
In base 12, what is -21 + 11279790?
1127976b
In base 7, what is -1 + 255135442?
255135441
In base 14, what is a931c - -14?
a9332
In base 6, what is 14 - -11352440?
11352454
In base 10, what is 2274682 - -54?
2274736
In base 15, what is -1e + 108e8?
108c9
In base 3, what is 20011220122 - -21122?
20012012021
In base 13, what is -a9b4 + 386?
-a62b
In base 4, what is -1 + -1203320002021?
-1203320002022
In base 6, what is -423122 + -24?
-423150
In base 8, what is 2764561 - -71?
2764652
In base 10, what is 83 + -477101?
-477018
In base 14, what is -107717 + -2a7?
-1079c0
In base 14, what is 8 - -2163c6?
2163d0
In base 13, what is 906 + -275a9?
-269a3
In base 15, what is 55da5 + 21?
55dc6
In base 2, what is -11010 + -111010110100011011111?
-111010110100011111001
In base 4, what is 3 - 1110012312?
-1110012303
In base 7, what is -21464 - 4013?
-25510
In base 2, what is 10010111 + -1001010010?
-110111011
In base 13, what is 23 - 2993a89?
-2993a66
In base 3, what is 1120220111000 + -22?
1120220110201
In base 13, what is 194 + -13838a?
-1381c6
In base 3, what is -1021002 - -200010221?
121212212
In base 15, what is e93 + -22070?
-210cc
In base 7, what is -1531 - -424102?
422241
In base 9, what is -384820 - 1024?
-385844
In base 2, what is 11011111101101111010110111 + 0?
1101111110110111101011011